{"id":84,"date":"2021-08-25T10:23:42","date_gmt":"2021-08-25T08:23:42","guid":{"rendered":"http:\/\/www.reflexonat.com\/?page_id=84"},"modified":"2021-09-26T19:42:50","modified_gmt":"2021-09-26T17:42:50","slug":"auriculotherapie-2","status":"publish","type":"page","link":"https:\/\/www.reflexonat.com\/index.php\/auriculotherapie-2\/","title":{"rendered":"Auriculoth\u00e9rapie"},"content":{"rendered":"\t\t<div data-elementor-type=\"wp-page\" data-elementor-id=\"84\" class=\"elementor elementor-84\" data-elementor-settings=\"[]\">\n\t\t\t\t\t\t\t<div class=\"elementor-section-wrap\">\n\t\t\t\t\t\t\t<section class=\"elementor-section elementor-top-section elementor-element elementor-element-374d00f9 elementor-section-boxed elementor-section-height-default elementor-section-height-default\" data-id=\"374d00f9\" data-element_type=\"section\">\n\t\t\t\t\t\t<div class=\"elementor-container elementor-column-gap-default\">\n\t\t\t\t\t<div class=\"elementor-column elementor-col-100 elementor-top-column elementor-element elementor-element-44114100\" data-id=\"44114100\" data-element_type=\"column\">\n\t\t\t<div class=\"elementor-widget-wrap elementor-element-populated\">\n\t\t\t\t\t\t\t\t<div class=\"elementor-element elementor-element-2fda8cfa elementor-widget elementor-widget-text-editor\" data-id=\"2fda8cfa\" data-element_type=\"widget\" data-widget_type=\"text-editor.default\">\n\t\t\t\t<div class=\"elementor-widget-container\">\n\t\t\t\t\t\t\t<p>L&rsquo;auriculoth\u00e9rapie utilise les zones r\u00e9flexes du pavillon de l&rsquo;oreille afin de <u>d\u00e9pister et de corriger les d\u00e9s\u00e9quilibres<\/u>. Cette technique fait partie des microsyst\u00e8mes de <u>l\u2019<\/u><a href=\"https:\/\/www.passeportsante.net\/fr\/Therapies\/Guide\/Fiche.aspx?doc=acupuncture_th\">acupuncture<\/a> et de l\u2019acupression<\/p>\n<p>Le pavillon de l&rsquo;<a href=\"https:\/\/www.passeportsante.net\/fr\/parties-corps\/Fiche.aspx?doc=oreille\">oreille<\/a> est un tableau de bord du corps humain.<\/p>\n<p>En effet, il existe au niveau de l\u2019oreille une projection de points correspondants \u00e0 diff\u00e9rentes zones du corps. Cette cartographie, aussi appel\u00e9e \u00ab somatotopie auriculaire \u00bb est aujourd&rsquo;hui bien connue.<\/p>\n<p>L\u2019auriculoth\u00e9rapie consiste \u00e0 <u>d\u00e9tecter le point d\u2019alarme responsable de la douleur de la zone<\/u> en question. Le syst\u00e8me nerveux v\u00e9hicule l\u2019information de dysharmonie jusqu\u2019\u00e0 l\u2019oreille, le pavillon auriculaire servant ici de r\u00e9cepteur.<\/p>\n<p><u>La correction consiste \u00e0 agir sur le point douloureux<\/u>. Elle s\u2019effectue par les syst\u00e8mes nerveux gr\u00e2ce \u00e0 la transmission des stimulations par voies r\u00e9flexes, le pavillon auriculaire ayant ici un r\u00f4le d\u2019\u00e9metteur.<\/p>\n<p>\u00a0<\/p>\n<p>Diff\u00e9rente des autre r\u00e9flexologies ,<u>l&rsquo;auriculoth\u00e9rapie traite de nombreuses affections<\/u> mais s&rsquo;av\u00e8re tr\u00e8s efficace sur <u>les douleurs ,l&rsquo;inflammation comme pour les tendinites ou les sciatiques<\/u>\u00a0. C&rsquo;est un tr\u00e8s bon compl\u00e9ment pour les <u>affections rhumatismales chronique entre autres ou les affections auto-immune i<\/u>nduisant des douleurs\u00a0ainsi que\u00a0 pour les <u>allergies ,la maladie de Raynaud, le sevrage tabagique , les migraines\u00a0\u2026.<\/u><\/p>\n<p><u>\u00a0<\/u><\/p>\n<p>Cette technique consiste en un massage des oreilles ayant pour but de localiser les zones qui correspondent aux parties du corps qui sont bloqu\u00e9es puis les zones seront travaill\u00e9s en pression afin\u00a0 de r\u00e9tablir un fonctionnement de la zone perturb\u00e9e. CA FAIT REDITE AVEC LE PREMIER PARAGRAPHE, NON\u00a0?<\/p>\n<p>Parfois un peu moins agr\u00e9able car souvent douloureuse l&rsquo;auriculoth\u00e9rapie reste cependant une des\u00a0 r\u00e9flexologie les plus puissante rapidement.<\/p>\n<p>Contre-indication\u00a0: Grossesse ,personne tr\u00e8s \u00e2g\u00e9e ou tr\u00e8s faible , cancer de la lymphe<\/p>\n<p>\u00a0<\/p>\n<!-- wp:paragraph --><!-- \/wp:paragraph -->\t\t\t\t\t\t<\/div>\n\t\t\t\t<\/div>\n\t\t\t\t\t<\/div>\n\t\t<\/div>\n\t\t\t\t\t\t\t<\/div>\n\t\t<\/section>\n\t\t\t\t<section class=\"elementor-section elementor-top-section elementor-element elementor-element-da9745b elementor-section-boxed elementor-section-height-default elementor-section-height-default\" data-id=\"da9745b\" data-element_type=\"section\">\n\t\t\t\t\t\t<div class=\"elementor-container elementor-column-gap-default\">\n\t\t\t\t\t<div class=\"elementor-column elementor-col-100 elementor-top-column elementor-element elementor-element-01f57a7\" data-id=\"01f57a7\" data-element_type=\"column\">\n\t\t\t<div class=\"elementor-widget-wrap elementor-element-populated\">\n\t\t\t\t\t\t\t\t<div class=\"elementor-element elementor-element-472cb2a elementor-widget elementor-widget-image\" data-id=\"472cb2a\" data-element_type=\"widget\" data-widget_type=\"image.default\">\n\t\t\t\t<div class=\"elementor-widget-container\">\n\t\t\t\t\t\t\t\t\t\t\t\t\t\t\t<img width=\"275\" height=\"183\" src=\"https:\/\/www.reflexonat.com\/wp-content\/uploads\/2021\/08\/oreille.jpg\" class=\"attachment-large size-large\" alt=\"\" loading=\"lazy\" \/>\t\t\t\t\t\t\t\t\t\t\t\t\t\t\t<\/div>\n\t\t\t\t<\/div>\n\t\t\t\t\t<\/div>\n\t\t<\/div>\n\t\t\t\t\t\t\t<\/div>\n\t\t<\/section>\n\t\t\t\t\t\t<\/div>\n\t\t\t\t\t<\/div>\n\t\t","protected":false},"excerpt":{"rendered":"<p>L&rsquo;auriculoth\u00e9rapie utilise les zones r\u00e9flexes du pavillon de l&rsquo;oreille afin de d\u00e9pister et de corriger les d\u00e9s\u00e9quilibres. Cette technique fait partie des microsyst\u00e8mes de l\u2019acupuncture et de l\u2019acupression Le pavillon de l&rsquo;oreille est un tableau de bord du corps humain. En effet, il existe au niveau de l\u2019oreille une projection de points correspondants \u00e0 diff\u00e9rentes [&hellip;]<\/p>\n","protected":false},"author":1,"featured_media":0,"parent":0,"menu_order":0,"comment_status":"closed","ping_status":"closed","template":"","meta":[],"_links":{"self":[{"href":"https:\/\/www.reflexonat.com\/index.php\/wp-json\/wp\/v2\/pages\/84"}],"collection":[{"href":"https:\/\/www.reflexonat.com\/index.php\/wp-json\/wp\/v2\/pages"}],"about":[{"href":"https:\/\/www.reflexonat.com\/index.php\/wp-json\/wp\/v2\/types\/page"}],"author":[{"embeddable":true,"href":"https:\/\/www.reflexonat.com\/index.php\/wp-json\/wp\/v2\/users\/1"}],"replies":[{"embeddable":true,"href":"https:\/\/www.reflexonat.com\/index.php\/wp-json\/wp\/v2\/comments?post=84"}],"version-history":[{"count":7,"href":"https:\/\/www.reflexonat.com\/index.php\/wp-json\/wp\/v2\/pages\/84\/revisions"}],"predecessor-version":[{"id":149,"href":"https:\/\/www.reflexonat.com\/index.php\/wp-json\/wp\/v2\/pages\/84\/revisions\/149"}],"wp:attachment":[{"href":"https:\/\/www.reflexonat.com\/index.php\/wp-json\/wp\/v2\/media?parent=84"}],"curies":[{"name":"wp","href":"https:\/\/api.w.org\/{rel}","templated":true}]}}